a?
-619
In base 2, what is -1000110010110 - -1000111?
-1000101001111
In base 6, what is -4510223 + 2?
-4510221
In base 5, what is -20002430 + -4?
-20002434
In base 4, what is -210223013 + -10?
-210223023
In base 15, what is c6cb + -5?
c6c6
In base 5, what is -3 - 10210001?
-10210004
In base 10, what is 3 + 297?
300
In base 2, what is 110101110010011100 - 1000?
110101110010010100
In base 10, what is 62021 + -3?
62018
In base 6, what is -123533 + 22?
-123511
In base 16, what is -ba7a - -2?
-ba78
In base 16, what is -ad - -c2?
15
In base 2, what is -111110 - 110100?
-1110010
In base 11, what is -8 + -984?
-991
In base 9, what is 4 - 3153?
-3148
In base 14, what is a1b + -1094?
-477
In base 12, what is 287188 - -3?
28718b
In base 2, what is 1001000110010011 + -1?
1001000110010010
In base 6, what is 1213 - 105?
1104
In base 14, what is -1c - -14c?
130
In base 12, what is -299 + -296?
-573
In base 6, what is -2 + -304521?
-304523
In base 13, what is -c9 + a4?
-25
In base 6, what is 410 + -52525?
-52115
In base 3, what is 10120122 + 10122?
10201021
In base 2, what is 1011100010 - 10101?
1011001101
In base 5, what is 41031131 + -1?
41031130
In base 8, what is -2 - -27232?
27230
In base 15, what is 74 + -87?
-13
In base 7, what is 561 + 101?
662
In base 8, what is 24 + 17270?
17314
In base 4, what is 1003133 + 2310?
1012103
In base 2, what is -10000 - -11010011111010010?
11010011111000010
In base 3, what is -100010012220 - 20?
-100010020010
In base 15, what is -465c + -d2?
-473e
In base 14, what is -1 - -2c16?
2c15
In base 3, what is -111 - -221111010?
221110122
In base 9, what is -1 + 15053?
15052
In base 16, what is 144 + -45?
ff
In base 14, what is 11cc1 + -5?
11cba
In base 5, what is 221324 - 31?
221243
In base 7, what is 20203 - -146?
20352
In base 7, what is -3424223 - 0?
-3424223
In base 14, what is -2 + -bb3?
-bb5
In base 10, what is 173 - 1679?
-1506
In base 14, what is -14a4a - 8?
-14a54
In base 10, what is 8 + 5219?
5227
In base 14, what is -4 + 1b68a?
1b686
In base 13, what is 2 + 8614?
8616
In base 7, what is -24 - 5134?
-5161
In base 12, what is -62b79 + 1a?
-62b5b
In base 14, what is 12 + 6081?
6093
In base 9, what is 5 - 2045?
-2040
In base 6, what is 13520 - 1504?
12012
In base 13, what is 2 + 6118?
611a
In base 16, what is 14f0 - -9?
14f9
In base 11, what is 3 + -651?
-649
In base 4, what is -300 + 1100021?
1033121
In base 8, what is -225 - -211?
-14
In base 12, what is 4b + 55a?
5a9
In base 8, what is 1005347 + 4?
1005353
In base 9, what is 13 - -1282?
1305
In base 13, what is -5 - 9c267?
-9c26c
In base 8, what is 36474 + -70?
36404
In base 13, what is 131 + -6b2?
-581
In base 12, what is 3382 - 7?
3377
In base 7, what is -22 - -110431?
110406
In base 10, what is -558 - 42?
-600
In base 6, what is 31 + -4040?
-4005
In base 5, what is 1 + -4021444?
-4021443
In base 12, what is -8530 + -4?
-8534
In base 7, what is 43 - 1164?
-1121
In base 12, what is 21 + 5521?
5542
In base 16, what is 1253 + 3?
1256
In base 15, what is 52 + 183a?
188c
In base 15, what is -11 - -b9a?
b89
In base 15, what is -28db - -4a?
-2891
In base 12, what is -5 + -29855?
-2985a
In base 12, what is -372 + -10b?
-481
In base 10, what is 28842 + 5?
28847
In base 15, what is 0 - c736?
-c736
In base 15, what is 4 - b1bc?
-b1b8
In base 15, what is -1b38 + -48?
-1b81
In base 6, what is 341305 - -155?
341504
In base 12, what is 12 + -8379?
-8367
In base 10, what is -7 - 7684?
-7691
In base 4, what is -203021220 + 11?
-203021203
In base 16, what is 867 - 3?
864
In base 5, what is 2122 + -3344?
-1222
In base 9, what is 1312 - 1?
1311
In base 8, what is 25 + 3656?
3703
In base 15, what is -119c0 + 3?
-119bc
In base 6, what is -5 - 13513?
-13522
In base 4, what is 3132 - 3012?
120
In base 3, what is 10201111211 - 2112?
10201102022
In base 10, what is -5475 - 76?
-5551
In base 6, what is 3514 + -4?
3510
In base 15, what is -43c + -17?
-454
In base 7, what is 503503 + -3?
503500
In base 13, what is -4 + 21016?
21012
In base 3, what is 2 + -10200102101?
-10200102022
In base 10, what is 104 + 973?
1077
In base 4, what is -123 - -2002010?
2001221
In base 3, what is -222 - 12001020000?
-12001020222
In base 10, what is 414 + 1807?
2221
In base 10, what is -6 + -363355?
-363361
In base 12, what is 76 + -9453?
-9399
In base 2, what is 1101 - -100110101111110?
100110110001011
In base 5, what is 0 + -22043332?
-22043332
In base 16, what is -c01 + f?
-bf2
In base 4, what is 1332012 + 122?
1332200
In base 16, what is 9 + -57e5?
-57dc
In base 8, what is -3147 - -1745?
-1202
In base 9, what is -21358 - 0?
-21358
In base 4, what is 220 + -10033133?
-10032313
In base 7, what is 4 - -166344?
166351
In base 7, what is 25 - -2020?
2045
In base 5, what is 10 - 222123?
-222113
In base 11, what is 516 - -1a3?
709
In base 7, what is 43524 - -3?
43530
In base 4, what is -3120223 + 0?
-3120223
In base 11, what is -631 - 380?
-a01
In base 2, what is -100 - 10001101110?
-10001110010
In base 8, what is -4 + -6200?
-6204
In base 16, what is -1c13c + 6?
-1c136
In base 5, what is 23303104 - -14?
23303123
In base 5, what is -2221041 - 1?
-2221042
In base 5, what is 103030 + -11?
103014
In base 5, what is 12201 + -1312?
10334
In base 5, what is 3 + 100?
103
In base 12, what is 4 - a54?
-a50
In base 9, what is -254 - -365?
111
In base 8, what is -53472 + 33?
-53437
In base 13, what is -4c57 + 42?
-4c15
In base 13, what is 449 - c57?
-80b
In base 10, what is 2 - 28357?
-28355
In base 13, what is 45cb + -4?
45c7
In base 6, what is 0 - -34412?
34412
In base 7, what is -3 + 2053110?
2053104
In base 13, what is -32363 + -2?
-32365
In base 14, what is -11795 - 41?
-117d6
In base 4, what is -23 - -112013?
111330
In base 11, what is 17a61 - -3?
17a64
In base 12, what is -46a4 - -1?
-46a3
In base 6, what is -1313 - 2?
-1315
In base 14, what is -c87 - -21?
-c66
In base 7, what is -641 - 263?
-1234
In base 14, what is 10c + -130?
-22
In base 7, what is 3 + 12030?
12033
In base 4, what is 10203 + 233?
11102
In base 2, what is 1011001 - -1000101011000?
1000110110001
In base 15, what is 4063 + 3?
4066
In base 5, what is 20 + -41443?
-41423
In base 12, what is -18189 + -2?
-1818b
In base 11, what is 76 - 1991?
-1916
In base 11, what is 32a92 - -1?
32a93
In base 13, what is -4 - 29c9?
-2a00
In base 10, what is 28 - 10737?
-10709
In base 2, what is 100 - -1011101110111?
1011101111011
In base 14, what is -68 - -141c?
1394
In base 2, what is -10011100011100101 + -100?
-10011100011101001
In base 13, what is -1948 - 49?
-1994
In base 8, what is -401371 + 12?
-401357
In base 8, what is -25716 + -52?
-25770
In base 13, what is 309b5 - -2?
309b7
In base 7, what is 1 - 4336343?
-4336342
In base 5, what is -320022312 - 1?
-320022313
In base 10, what is -2 - -58944?
58942
In base 7, what is -10015463 - 3?
-10015466
In base 9, what is 81357 + 2?
81360
In base 5, what is -33 - 2132213?
-2132301
In base 3, what is 112012122 + -2001?
112010121
In base 11, what is 36 - 639?
-603
In base 7, what is 42651011 + 2?
42651013
In base 8, what is 104 + -17000?
-16674
In base 7, what is 31132031 - 2?
31132026
In base 5, what is -24343124 - 1?
-24343130
In base 7, what is 653 - 11601?
-10615
In base 8, what is -267102 + -5?
-267107
In base 7, what is -1 - 151435?
-151436
In base 15, what is -2 - 515?
-517
In base 12, what is 2 + -2bba1?
-2bb9b
In base 10, what is -2341 + 10?
-2331
In base 9, what is 1171 + -3?
1167
In base 12, what is -873 + -374?
-1027
In base 12, what is 3270 - 0?
3270
In base 6, what is 154 + 501?
1055
In base 16, what is 1 + 1b1ac?
1b1ad
In base 7, what is 21 + -25056?
-25035
In base 13, what is -34 - 5a1?
-605
In base 15, what is -7 - -587e6?
587de
In base 8, what is 523 - 34311?
-33566
In base 7, what is -10 + 20123?
20113
In base 12, what is -1273b9a - 4?
-1273ba2
In base 7, what is 466530 + 2?
466532
In base 5, what is 1400334 + 233?
1401122
In base 10, what is -3 + 20334?
20331
In base 2, what is -1111 - -10010010111010100?
10010010111000101
In base 5, what is 11240042 + -4?
11240033
In base 2, what is 101 + -101011110100000001?
-101011110011111100
In base 10, what is 365 - -117?
482
In base 11, what is aa - -1641?
1740
In base 16, what is -42 - -629d?
625b
In base 3, what is -120112220 - 0?
-120112220
In base 4, what is 